est common factor of 39 and c?
13
Let j(f) = -37*f - 719. Let o be j(-20). What is the highest common factor of 18543 and o?
21
Let l(c) = 5*c**3 - 120*c**2 + 17*c - 124. Let x be l(24). Calculate the highest common divisor of x and 64468.
284
Let w = 582 - 539. Suppose -w*y + 838 = -65. Calculate the highest common factor of y and 238.
7
Let j = 19 + -16. Suppose -c = -j*c - 1540. Let x be ((-12)/5)/(21/c). Calculate the highest common factor of 8 and x.
8
Let w be 2*1/(-1) + -1090. Let l be 0 + w/15 - 4/20. Let a = -36 - l. Calculate the highest common divisor of 148 and a.
37
Let a(c) = 233*c**2 + 154*c + 19. Let s be a(-1). Suppose -2*f + 6*f - 56 = 0. Calculate the highest common divisor of f and s.
14
Suppose 206 = 4*v - 3*p - 249, -20 = 4*p. Calculate the highest common divisor of v and 561.
11
Suppose 0 = 4*w - 3*w + 2, 0 = -3*n + 2*w + 16. Suppose 3*x - n*f - 21 = 19, -5*x + f + 78 = 0. What is the greatest common divisor of x and 128?
16
Suppose -195 = -62*t + 67*t. Let h(f) = -3*f**2 - 4*f + 3. Let o be h(-5). Let m be (-3)/(-2)*o/t. Calculate the highest common factor of 8 and m.
2
Let v = -27 - -9. Let b be -3*3/v*-6. Let q be 1/(1*b/(-9)). What is the greatest common factor of q and 9?
3
Let d be 1062/(-4)*(-20 - -18). Let r = 935 - d. Calculate the highest common divisor of 303 and r.
101
Suppose 57 = -5*i - 3*z - 0*z, -5*i + 5*z - 25 = 0. Let b(g) = 3*g**2 + 16*g + 61. Let x be b(i). Calculate the highest common factor of 20 and x.
20
Suppose -6682 = -2*y + w, 37*y - 38*y + 35*w + 3134 = 0. What is the highest common divisor of y and 76?
76
Suppose 0 = -4*s + 30*s - 45994. Calculate the highest common divisor of s and 122.
61
Let x = 18 - -34. Let v = 35 - x. Let c = v - -35. Calculate the greatest common factor of c and 45.
9
Let s be 1210/2 + 60/(-12). What is the greatest common factor of 48 and s?
24
Suppose -19*s = 53 - 148. Suppose -r + 1595 = 3*r - s*p, 3*r - p = 1199. Calculate the highest common factor of 50 and r.
50
Suppose -6415 - 58912 = -335*n + 79393. What is the greatest common divisor of 3264 and n?
48
Let o(c) = c**3 + 87*c**2 - 99*c - 776. Let s be o(-88). Calculate the greatest common factor of 9840 and s.
48
Let n = 7312 - 7063. Calculate the highest common factor of 5727 and n.
249
Let z = -155 + 111. Let a = z + 76. Calculate the highest common factor of 12 and a.
4
Let n(o) = -13*o - 109. Let w be n(-9). Let x be 0 - (0/(-2) + w + -25). What is the greatest common factor of 119 and x?
17
Let v be 1/2 + 3/2 - 372. Let t = v - -390. What is the highest common factor of 4 and t?
4
Suppose 48 = -7*y + 454. Suppose 4*v = -2*j - 0*j - y, 0 = -4*v - j - 61. Let g be 12/v*-14*(-16)/(-6). What is the highest common divisor of g and 4?
4
Let z = 49 + -55. Let m be (-3 + 21/(-9))*(z - 0). What is the highest common divisor of m and 224?
32
Let c = -49 + 51. Suppose 0 = -l + l - c*l. Suppose 90 = 3*s - 2*m, l*s + 2*m + 60 = 2*s. Calculate the highest common factor of 6 and s.
6
Let v be 1/2 - ((-83)/2 + 4). What is the greatest common divisor of v and 171?
19
Suppose -4*l - 25*h = -24*h - 9651, 3*l + h = 7238. Calculate the highest common factor of 19 and l.
19
Let n(r) = 4*r**2 - 161*r + 46. Let a be n(40). What is the greatest common factor of a and 50?
2
Suppose 44*o - 15*o - 58 = 0. Let v be (13/o)/(((-80)/(-8))/80). Calculate the greatest common factor of 130 and v.
26
Let a be 4 + -3 + (-1 - -18). Suppose 5*h = -5*u + 95, 5*h = 2*u - 74 + 1. What is the greatest common divisor of a and u?
6
Suppose -210140 = 1201*b + 1202*b - 2423*b. What is the greatest common divisor of 14 and b?
7
Let b be (7/21*-183)/((1 - -4)/(-5)). What is the highest common factor of b and 2623?
61
Let u(o) = 3*o + 1. Let t be u(3). Suppose -t = 2*g - 16. Let j = 14 + -5. What is the greatest common factor of g and j?
3
Let q(h) = 135*h + 12. Let v be q(8). Let c = -724 + v. Suppose 0 = 2*a + 4*w - 63 - 197, -3*a + c = -5*w. Calculate the greatest common factor of a and 14.
14
Suppose -86383 - 26667 = -14*t. What is the greatest common factor of t and 25?
25
Let y be -2 - 3 - (-37)/(-1). Let a be y/(-4) - (-5 - 15/(-2)). Calculate the highest common factor of 28 and a.
4
Let v(d) = 52*d - 122. Let f be v(5). What is the greatest common divisor of f and 2829?
69
Suppose k + 5 = 0, 2*x + 192 - 1747 = -k. What is the greatest common divisor of x and 2769?
39
Suppose -4*t + 4*c + 5640 = 0, -17*t = -14*t + 2*c - 4230. What is the greatest common divisor of t and 30?
30
Suppose l - 63180 = -89*l. Calculate the highest common factor of 247 and l.
13
Let h = -25 - -41. Let s(r) = -18 - 18*r + 11*r + 48*r**2 + 25*r. Let u be s(1). What is the greatest common factor of h and u?
16
Let x be (-191505)/(-4675) + 4/110. What is the greatest common divisor of x and 60598?
41
Let n(a) = a**2 + 8*a - 177. Let x be n(10). Suppose -107 = -5*g + 3*z + 109, 0 = -4*g + x*z + 174. Calculate the greatest common divisor of 56 and g.
14
Let k(r) = -6*r + 14. Suppose 4*v - 3*h = 33 + 3, 3*h + 27 = 3*v. Let j be k(v). Let u be 189 - (-4 - j/5). Calculate the highest common divisor of u and 74.
37
Let y(h) = -28*h - 76. Let a be y(-15). Let g = -40 + a. Calculate the highest common divisor of g and 16.
16
Suppose z - 1 = 0, -49*w = -51*w + 4*z + 194. Calculate the highest common divisor of w and 803.
11
Suppose 205 - 2 = -y. Let o = -149 - y. Calculate the highest common factor of 189 and o.
27
Suppose -9*l = 25*l - 7*l. Let k be 1*(l + -3 + 1 + 58). Calculate the highest common factor of 7 and k.
7
Suppose 64*l - 11119 = -94*l + 7209. Calculate the highest common factor of 8091 and l.
29
Let r = -63 - -63. Suppose -y - 67 + 70 = r. Suppose y*k + 61 = 67. What is the highest common factor of 16 and k?
2
Let i(c) = 3477 - 3461 - 2*c - c**2 + 0*c**2. Let r be i(0). Suppose 2 = o - 6. What is the highest common divisor of o and r?
8
Let f = 71 - 46. Let i(b) be the third derivative of b**5/60 + b**4/12 + b**3/3 - 3*b**2 - 30*b. Let s be i(-8). Calculate the highest common factor of s and f.
25
Let o(x) = -15*x - 58. Let q be o(-5). Suppose q = 5*d - 28. Let v be -2 + -1 + (-7 - -19). Calculate the greatest common factor of v and d.
9
Let k(p) be the second derivative of -p**4/12 - p**3/2 + 43*p**2/2 - p + 28. Let d be k(-7). What is the greatest common divisor of d and 30?
15
Let a be 811 - 263 - -1*2. Calculate the greatest common divisor of 45 and a.
5
Suppose -q - 504 = 7*q. Let t = 66 + q. Let a(j) = 2*j**3 - 5*j**2 + 2*j - 1. Let k be a(t). Calculate the greatest common factor of k and 42.
14
Let j = 135 + -71. Let d = -69 + j. Let h(s) = -4*s - 13. Let b be h(d). Calculate the greatest common factor of 77 and b.
7
Suppose -14*v - v + 120 = 0. Let u be 46 + -1 + (-6 - (v - 13)). What is the highest common factor of 33 and u?
11
Let y = 3312 - 1391. What is the highest common factor of y and 17?
17
Let s = 23 + -33. Let o be (4/s)/((-2)/20). Suppose d - 2*w - 154 = 0, -5*d + 2*d = o*w - 452. What is the highest common divisor of d and 19?
19
Suppose 43*o - 32405 - 48156 + 7289 = 0. What is the highest common factor of 40 and o?
8
Let j = -7 - -23. Suppose 7*z - 4*z = 4*f - 11, -z + 3*f - 7 = 0. Let v be z/(33/(-6) - -5). What is the greatest common factor of v and j?
2
Let d(b) = 63*b**3 - 8*b**2 + 8*b - 1. Let u be d(1). Suppose -u*p = -29*p - 2046. What is the highest common factor of 992 and p?
62
Let g(l) = -5*l - 9*l - 18 - 2 + 2*l. Let f be g(-23). What is the greatest common factor of f and 64?
64
Suppose -y + 11 = -0*y. Let o = -143 - -314. Suppose p - 2*b + 92 = 266, 0 = -p + 5*b + o. Calculate the greatest common divisor of y and p.
11
Let n(j) = 321*j + 15178. Let m be n(-47). Let w(d) = -d**2 + 5*d + 8. Let c be w(6). Suppose c*l = -l + 39. Calculate the highest common divisor of l and m.
13
Suppose -5*n + 153 = 3*p, -5*p + 23*n = 17*n - 298. What is the highest common divisor of p and 7?
7
Suppose 0 = 6*i - 1 + 13. Let v(b) = 3*b + 8. Let a be v(i). Suppose 0 = -2*f + 6, 0*f = a*t - 5*f - 17. Calculate the highest common divisor of 4 and t.
4
Let p(h) = 2*h**3 - 3*h**2 - 3*h - 3. Let a be p(3). Let y(u) = -1007*u + 24453. Let d be y(24). What is the greatest common divisor of d and a?
15
Suppose 286 = 3*i + 3*q + 211, -2*q = -2*i + 50. Let s(w) =